{"id":429,"date":"2019-11-19T16:12:33","date_gmt":"2019-11-19T15:12:33","guid":{"rendered":"https:\/\/www.desbief.com\/WpGuy\/?page_id=429"},"modified":"2022-09-17T22:10:05","modified_gmt":"2022-09-17T20:10:05","slug":"elementor-429","status":"publish","type":"page","link":"https:\/\/www.desbief.com\/WpGuy\/elementor-429\/","title":{"rendered":"PS Remote Command"},"content":{"rendered":"\n<h4 class=\"wp-block-heading\">Ps Remote Command v5.0 (Version Fran\u00e7aise)<\/h4>\n\n\n\n<p>Ajout de la m\u00e9morisation des param\u00e8tres Ethernet dans un fichier<\/p>\n\n\n\n<p>PS Remote Command&nbsp; a \u00e9t\u00e9 \u00e9crit pour Mac OS X (10.10)<\/p>\n\n\n\n<p>Il fonctionne avec les alimentations de marque TENMA fournies par Farnell)<\/p>\n\n\n\n<p>Il admet deux langues:<\/p>\n\n\n\n<ul class=\"wp-block-list\"><li>Le francais<\/li><li>L&rsquo;anglais<\/li><\/ul>\n\n\n\n<figure class=\"wp-block-video\"><video height=\"480\" style=\"aspect-ratio: 720 \/ 480;\" width=\"720\" controls src=\"https:\/\/www.desbief.com\/WpGuy\/wp-content\/uploads\/2021\/03\/PsRemoteCommandV5.0-Fr-1rf20.00-2.mp4\"><\/video><\/figure>\n\n\n\n<p><\/p>\n\n\n\n<h4 class=\"wp-block-heading\">Ps Remote Command v5.0 (English version)<\/h4>\n\n\n\n<figure class=\"wp-block-video\"><video height=\"480\" style=\"aspect-ratio: 720 \/ 480;\" width=\"720\" controls src=\"https:\/\/www.desbief.com\/WpGuy\/wp-content\/uploads\/2021\/03\/PsRemoteCommandV5.0-En-1rf20.00-2-1.mp4\"><\/video><\/figure>\n\n\n\n<p>Added memorisation of Ethernet parameters in a file<\/p>\n\n\n\n<p>Ps Remote Command has been written for Mac OS X&nbsp; (10.10)<\/p>\n\n\n\n<p>It works for Power supplies (Brand TENMA) delivered by Farnell<\/p>\n\n\n\n<p>It has been translated in two languages:<\/p>\n\n\n\n<ul class=\"wp-block-list\"><li>French<\/li><li>English<\/li><\/ul>\n","protected":false},"excerpt":{"rendered":"<p>Ps Remote Command v5.0 (Version Fran\u00e7aise) Ajout de la m\u00e9morisation des param\u00e8tres Ethernet dans un fichier PS Remote Command&nbsp; a \u00e9t\u00e9 \u00e9crit pour Mac OS X (10.10) Il fonctionne avec les alimentations de marque TENMA fournies par Farnell) Il admet deux langues: Le francais L&rsquo;anglais Ps Remote Command v5.0 (English version) Added memorisation of Ethernet &hellip; <\/p>\n<p class=\"link-more\"><a href=\"https:\/\/www.desbief.com\/WpGuy\/elementor-429\/\" class=\"more-link\">Continuer la lecture <span class=\"screen-reader-text\"> \u00ab\u00a0PS Remote Command\u00a0\u00bb<\/span><\/a><\/p>\n","protected":false},"author":3,"featured_media":0,"parent":0,"menu_order":0,"comment_status":"closed","ping_status":"closed","template":"","meta":{"footnotes":""},"class_list":["post-429","page","type-page","status-publish","hentry","entry"],"yoast_head":"<!-- This site is optimized with the Yoast SEO plugin v26.7 - https:\/\/yoast.com\/wordpress\/plugins\/seo\/ -->\n<title>PS Remote Command - Guy Desbief Ing\u00e9nieur conseil<\/title>\n<meta name=\"robots\" content=\"index, follow, max-snippet:-1, max-image-preview:large, max-video-preview:-1\" \/>\n<link rel=\"canonical\" href=\"https:\/\/www.desbief.com\/WpGuy\/elementor-429\/\" \/>\n<meta property=\"og:locale\" content=\"fr_FR\" \/>\n<meta property=\"og:type\" content=\"article\" \/>\n<meta property=\"og:title\" content=\"PS Remote Command - Guy Desbief Ing\u00e9nieur conseil\" \/>\n<meta property=\"og:description\" content=\"Ps Remote Command v5.0 (Version Fran\u00e7aise) Ajout de la m\u00e9morisation des param\u00e8tres Ethernet dans un fichier PS Remote Command&nbsp; a \u00e9t\u00e9 \u00e9crit pour Mac OS X (10.10) Il fonctionne avec les alimentations de marque TENMA fournies par Farnell) Il admet deux langues: Le francais L&rsquo;anglais Ps Remote Command v5.0 (English version) Added memorisation of Ethernet &hellip; Continuer la lecture \u00ab\u00a0PS Remote Command\u00a0\u00bb\" \/>\n<meta property=\"og:url\" content=\"https:\/\/www.desbief.com\/WpGuy\/elementor-429\/\" \/>\n<meta property=\"og:site_name\" content=\"Guy Desbief Ing\u00e9nieur conseil\" \/>\n<meta property=\"article:modified_time\" content=\"2022-09-17T20:10:05+00:00\" \/>\n<meta name=\"twitter:card\" content=\"summary_large_image\" \/>\n<meta name=\"twitter:label1\" content=\"Dur\u00e9e de lecture estim\u00e9e\" \/>\n\t<meta name=\"twitter:data1\" content=\"1 minute\" \/>\n<script type=\"application\/ld+json\" class=\"yoast-schema-graph\">{\"@context\":\"https:\/\/schema.org\",\"@graph\":[{\"@type\":\"WebPage\",\"@id\":\"https:\/\/www.desbief.com\/WpGuy\/elementor-429\/\",\"url\":\"https:\/\/www.desbief.com\/WpGuy\/elementor-429\/\",\"name\":\"PS Remote Command - Guy Desbief Ing\u00e9nieur conseil\",\"isPartOf\":{\"@id\":\"https:\/\/www.desbief.com\/WpGuy\/#website\"},\"datePublished\":\"2019-11-19T15:12:33+00:00\",\"dateModified\":\"2022-09-17T20:10:05+00:00\",\"breadcrumb\":{\"@id\":\"https:\/\/www.desbief.com\/WpGuy\/elementor-429\/#breadcrumb\"},\"inLanguage\":\"fr-FR\",\"potentialAction\":[{\"@type\":\"ReadAction\",\"target\":[\"https:\/\/www.desbief.com\/WpGuy\/elementor-429\/\"]}]},{\"@type\":\"BreadcrumbList\",\"@id\":\"https:\/\/www.desbief.com\/WpGuy\/elementor-429\/#breadcrumb\",\"itemListElement\":[{\"@type\":\"ListItem\",\"position\":1,\"name\":\"Accueil\",\"item\":\"https:\/\/www.desbief.com\/WpGuy\/\"},{\"@type\":\"ListItem\",\"position\":2,\"name\":\"PS Remote Command\"}]},{\"@type\":\"WebSite\",\"@id\":\"https:\/\/www.desbief.com\/WpGuy\/#website\",\"url\":\"https:\/\/www.desbief.com\/WpGuy\/\",\"name\":\"Guy Desbief Ing\u00e9nieur conseil\",\"description\":\"Electronique, Informatique, Eco-Efficacit\u00e9 \u00e9nerg\u00e9tique conseil juridique\",\"publisher\":{\"@id\":\"https:\/\/www.desbief.com\/WpGuy\/#organization\"},\"potentialAction\":[{\"@type\":\"SearchAction\",\"target\":{\"@type\":\"EntryPoint\",\"urlTemplate\":\"https:\/\/www.desbief.com\/WpGuy\/?s={search_term_string}\"},\"query-input\":{\"@type\":\"PropertyValueSpecification\",\"valueRequired\":true,\"valueName\":\"search_term_string\"}}],\"inLanguage\":\"fr-FR\"},{\"@type\":\"Organization\",\"@id\":\"https:\/\/www.desbief.com\/WpGuy\/#organization\",\"name\":\"Guy Desbief Ing\u00e9nieur conseil\",\"url\":\"https:\/\/www.desbief.com\/WpGuy\/\",\"logo\":{\"@type\":\"ImageObject\",\"inLanguage\":\"fr-FR\",\"@id\":\"https:\/\/www.desbief.com\/WpGuy\/#\/schema\/logo\/image\/\",\"url\":\"https:\/\/www.desbief.com\/WpGuy\/wp-content\/uploads\/2021\/03\/cropped-cropped-ef-enLogoCarteDeVisiteGuyCrop-2-1.jpg\",\"contentUrl\":\"https:\/\/www.desbief.com\/WpGuy\/wp-content\/uploads\/2021\/03\/cropped-cropped-ef-enLogoCarteDeVisiteGuyCrop-2-1.jpg\",\"width\":190,\"height\":190,\"caption\":\"Guy Desbief Ing\u00e9nieur conseil\"},\"image\":{\"@id\":\"https:\/\/www.desbief.com\/WpGuy\/#\/schema\/logo\/image\/\"}}]}<\/script>\n<!-- \/ Yoast SEO plugin. -->","yoast_head_json":{"title":"PS Remote Command - Guy Desbief Ing\u00e9nieur conseil","robots":{"index":"index","follow":"follow","max-snippet":"max-snippet:-1","max-image-preview":"max-image-preview:large","max-video-preview":"max-video-preview:-1"},"canonical":"https:\/\/www.desbief.com\/WpGuy\/elementor-429\/","og_locale":"fr_FR","og_type":"article","og_title":"PS Remote Command - Guy Desbief Ing\u00e9nieur conseil","og_description":"Ps Remote Command v5.0 (Version Fran\u00e7aise) Ajout de la m\u00e9morisation des param\u00e8tres Ethernet dans un fichier PS Remote Command&nbsp; a \u00e9t\u00e9 \u00e9crit pour Mac OS X (10.10) Il fonctionne avec les alimentations de marque TENMA fournies par Farnell) Il admet deux langues: Le francais L&rsquo;anglais Ps Remote Command v5.0 (English version) Added memorisation of Ethernet &hellip; Continuer la lecture \u00ab\u00a0PS Remote Command\u00a0\u00bb","og_url":"https:\/\/www.desbief.com\/WpGuy\/elementor-429\/","og_site_name":"Guy Desbief Ing\u00e9nieur conseil","article_modified_time":"2022-09-17T20:10:05+00:00","twitter_card":"summary_large_image","twitter_misc":{"Dur\u00e9e de lecture estim\u00e9e":"1 minute"},"schema":{"@context":"https:\/\/schema.org","@graph":[{"@type":"WebPage","@id":"https:\/\/www.desbief.com\/WpGuy\/elementor-429\/","url":"https:\/\/www.desbief.com\/WpGuy\/elementor-429\/","name":"PS Remote Command - Guy Desbief Ing\u00e9nieur conseil","isPartOf":{"@id":"https:\/\/www.desbief.com\/WpGuy\/#website"},"datePublished":"2019-11-19T15:12:33+00:00","dateModified":"2022-09-17T20:10:05+00:00","breadcrumb":{"@id":"https:\/\/www.desbief.com\/WpGuy\/elementor-429\/#breadcrumb"},"inLanguage":"fr-FR","potentialAction":[{"@type":"ReadAction","target":["https:\/\/www.desbief.com\/WpGuy\/elementor-429\/"]}]},{"@type":"BreadcrumbList","@id":"https:\/\/www.desbief.com\/WpGuy\/elementor-429\/#breadcrumb","itemListElement":[{"@type":"ListItem","position":1,"name":"Accueil","item":"https:\/\/www.desbief.com\/WpGuy\/"},{"@type":"ListItem","position":2,"name":"PS Remote Command"}]},{"@type":"WebSite","@id":"https:\/\/www.desbief.com\/WpGuy\/#website","url":"https:\/\/www.desbief.com\/WpGuy\/","name":"Guy Desbief Ing\u00e9nieur conseil","description":"Electronique, Informatique, Eco-Efficacit\u00e9 \u00e9nerg\u00e9tique conseil juridique","publisher":{"@id":"https:\/\/www.desbief.com\/WpGuy\/#organization"},"potentialAction":[{"@type":"SearchAction","target":{"@type":"EntryPoint","urlTemplate":"https:\/\/www.desbief.com\/WpGuy\/?s={search_term_string}"},"query-input":{"@type":"PropertyValueSpecification","valueRequired":true,"valueName":"search_term_string"}}],"inLanguage":"fr-FR"},{"@type":"Organization","@id":"https:\/\/www.desbief.com\/WpGuy\/#organization","name":"Guy Desbief Ing\u00e9nieur conseil","url":"https:\/\/www.desbief.com\/WpGuy\/","logo":{"@type":"ImageObject","inLanguage":"fr-FR","@id":"https:\/\/www.desbief.com\/WpGuy\/#\/schema\/logo\/image\/","url":"https:\/\/www.desbief.com\/WpGuy\/wp-content\/uploads\/2021\/03\/cropped-cropped-ef-enLogoCarteDeVisiteGuyCrop-2-1.jpg","contentUrl":"https:\/\/www.desbief.com\/WpGuy\/wp-content\/uploads\/2021\/03\/cropped-cropped-ef-enLogoCarteDeVisiteGuyCrop-2-1.jpg","width":190,"height":190,"caption":"Guy Desbief Ing\u00e9nieur conseil"},"image":{"@id":"https:\/\/www.desbief.com\/WpGuy\/#\/schema\/logo\/image\/"}}]}},"_links":{"self":[{"href":"https:\/\/www.desbief.com\/WpGuy\/wp-json\/wp\/v2\/pages\/429","targetHints":{"allow":["GET"]}}],"collection":[{"href":"https:\/\/www.desbief.com\/WpGuy\/wp-json\/wp\/v2\/pages"}],"about":[{"href":"https:\/\/www.desbief.com\/WpGuy\/wp-json\/wp\/v2\/types\/page"}],"author":[{"embeddable":true,"href":"https:\/\/www.desbief.com\/WpGuy\/wp-json\/wp\/v2\/users\/3"}],"replies":[{"embeddable":true,"href":"https:\/\/www.desbief.com\/WpGuy\/wp-json\/wp\/v2\/comments?post=429"}],"version-history":[{"count":13,"href":"https:\/\/www.desbief.com\/WpGuy\/wp-json\/wp\/v2\/pages\/429\/revisions"}],"predecessor-version":[{"id":1102,"href":"https:\/\/www.desbief.com\/WpGuy\/wp-json\/wp\/v2\/pages\/429\/revisions\/1102"}],"wp:attachment":[{"href":"https:\/\/www.desbief.com\/WpGuy\/wp-json\/wp\/v2\/media?parent=429"}],"curies":[{"name":"wp","href":"https:\/\/api.w.org\/{rel}","templated":true}]}}