{"id":324,"date":"2018-02-05T17:41:24","date_gmt":"2018-02-05T16:41:24","guid":{"rendered":"https:\/\/www.desbief.com\/WpGuy\/?page_id=324"},"modified":"2022-10-07T10:25:44","modified_gmt":"2022-10-07T08:25:44","slug":"electronique-et-informatique","status":"publish","type":"page","link":"https:\/\/www.desbief.com\/WpGuy\/electronique-et-informatique\/","title":{"rendered":"Electronique et Informatique"},"content":{"rendered":"\n<h2 class=\"wp-block-heading\">Electronique<\/h2>\n\n\n\n<p>Pendant ma carri\u00e8re professionnelle, j&rsquo;ai pilot\u00e9 des ing\u00e9nieurs dont la sp\u00e9cialit\u00e9 \u00e9tait:<\/p>\n\n\n\n<ul class=\"wp-block-list\"><li>la conception de syst\u00e8mes \u00e9lectroniques<\/li><li>la conception de cartes \u00e9lectroniques<\/li><li>Le d\u00e9veloppement de machines sp\u00e9ciales<\/li><\/ul>\n\n\n\n<p>Je suis avant tout un \u00c9lectronicien voici mes <a href=\"https:\/\/www.desbief.com\/WpGuy\/realisation-de-cartes-a-base-de-up-microchip\">r\u00e9alisations<\/a><\/p>\n\n\n\n<h2 class=\"wp-block-heading\">Informatique<\/h2>\n\n\n\n<p>Pour le logiciel,  suis donc familier avec:<\/p>\n\n\n\n<ul class=\"wp-block-list\"><li>les syst\u00e8mes \u00e0 microprocesseurs (8 \u00e0 64<br>&nbsp; bits)<\/li><li>les composants programmables (Xilinx, Altera etc.)<\/li><li>Les autres composants \u00e9lectroniques<\/li><\/ul>\n\n\n\n<p>J&rsquo;ai pilot\u00e9 des ing\u00e9nieurs de conception logicielle dans les domaines suivants:<\/p>\n\n\n\n<ul class=\"wp-block-list\"><li>la d\u00e9fense<\/li><li>le transport<\/li><li>le RFID<\/li><\/ul>\n\n\n\n<p>J&rsquo;\u00e9cris des logiciels en C et en objective C&nbsp;&nbsp; et Swift (pour Mac Os X), et j&rsquo;ai publi\u00e9 sur AppStore 3 applications:<\/p>\n\n\n\n<ul class=\"wp-block-list\"><li>Solar Panel Survey (iphone et iPad)  <\/li><li><a href=\"https:\/\/apps.apple.com\/fr\/app\/my-solar-panel-survey\/id1567079104?mt=12\" target=\"_blank\" rel=\"noreferrer noopener\">My Solar Panel Survey (Mac OsX 10.14.6)<\/a><\/li><li><a href=\"https:\/\/apps.apple.com\/fr\/app\/ps-remote-command\/id1486111327?mt=12\" target=\"_blank\" rel=\"noreferrer noopener\">PS Remote Command<\/a><\/li><\/ul>\n\n\n\n<p>Pour les <a href=\"https:\/\/www.desbief.com\/WpGuy\/elementor-594\">logiciels Apple<\/a><\/p>\n\n\n\n<p>NB: l\u2019adresse de mon site web de ma carte de visite ne fonctionne plus, mais mon site existe encore. Il est <a href=\"https:\/\/www.desbief.com\/WpGuy\/\">ici<\/a><\/p>\n","protected":false},"excerpt":{"rendered":"<p>Electronique Pendant ma carri\u00e8re professionnelle, j&rsquo;ai pilot\u00e9 des ing\u00e9nieurs dont la sp\u00e9cialit\u00e9 \u00e9tait: la conception de syst\u00e8mes \u00e9lectroniques la conception de cartes \u00e9lectroniques Le d\u00e9veloppement de machines sp\u00e9ciales Je suis avant tout un \u00c9lectronicien voici mes r\u00e9alisations Informatique Pour le logiciel, suis donc familier avec: les syst\u00e8mes \u00e0 microprocesseurs (8 \u00e0 64&nbsp; bits) les composants &hellip; <\/p>\n<p class=\"link-more\"><a href=\"https:\/\/www.desbief.com\/WpGuy\/electronique-et-informatique\/\" class=\"more-link\">Continuer la lecture <span class=\"screen-reader-text\"> \u00ab\u00a0Electronique et Informatique\u00a0\u00bb<\/span><\/a><\/p>\n","protected":false},"author":3,"featured_media":0,"parent":0,"menu_order":0,"comment_status":"closed","ping_status":"closed","template":"","meta":{"footnotes":""},"class_list":["post-324","page","type-page","status-publish","hentry","entry"],"yoast_head":"<!-- This site is optimized with the Yoast SEO plugin v26.7 - https:\/\/yoast.com\/wordpress\/plugins\/seo\/ -->\n<title>Electronique et Informatique - Guy Desbief Ing\u00e9nieur conseil<\/title>\n<meta name=\"robots\" content=\"index, follow, max-snippet:-1, max-image-preview:large, max-video-preview:-1\" \/>\n<link rel=\"canonical\" href=\"https:\/\/www.desbief.com\/WpGuy\/electronique-et-informatique\/\" \/>\n<meta property=\"og:locale\" content=\"fr_FR\" \/>\n<meta property=\"og:type\" content=\"article\" \/>\n<meta property=\"og:title\" content=\"Electronique et Informatique - Guy Desbief Ing\u00e9nieur conseil\" \/>\n<meta property=\"og:description\" content=\"Electronique Pendant ma carri\u00e8re professionnelle, j&rsquo;ai pilot\u00e9 des ing\u00e9nieurs dont la sp\u00e9cialit\u00e9 \u00e9tait: la conception de syst\u00e8mes \u00e9lectroniques la conception de cartes \u00e9lectroniques Le d\u00e9veloppement de machines sp\u00e9ciales Je suis avant tout un \u00c9lectronicien voici mes r\u00e9alisations Informatique Pour le logiciel, suis donc familier avec: les syst\u00e8mes \u00e0 microprocesseurs (8 \u00e0 64&nbsp; bits) les composants &hellip; Continuer la lecture \u00ab\u00a0Electronique et Informatique\u00a0\u00bb\" \/>\n<meta property=\"og:url\" content=\"https:\/\/www.desbief.com\/WpGuy\/electronique-et-informatique\/\" \/>\n<meta property=\"og:site_name\" content=\"Guy Desbief Ing\u00e9nieur conseil\" \/>\n<meta property=\"article:modified_time\" content=\"2022-10-07T08:25:44+00:00\" \/>\n<meta name=\"twitter:card\" content=\"summary_large_image\" \/>\n<meta name=\"twitter:label1\" content=\"Dur\u00e9e de lecture estim\u00e9e\" \/>\n\t<meta name=\"twitter:data1\" content=\"1 minute\" \/>\n<script type=\"application\/ld+json\" class=\"yoast-schema-graph\">{\"@context\":\"https:\/\/schema.org\",\"@graph\":[{\"@type\":\"WebPage\",\"@id\":\"https:\/\/www.desbief.com\/WpGuy\/electronique-et-informatique\/\",\"url\":\"https:\/\/www.desbief.com\/WpGuy\/electronique-et-informatique\/\",\"name\":\"Electronique et Informatique - Guy Desbief Ing\u00e9nieur conseil\",\"isPartOf\":{\"@id\":\"https:\/\/www.desbief.com\/WpGuy\/#website\"},\"datePublished\":\"2018-02-05T16:41:24+00:00\",\"dateModified\":\"2022-10-07T08:25:44+00:00\",\"breadcrumb\":{\"@id\":\"https:\/\/www.desbief.com\/WpGuy\/electronique-et-informatique\/#breadcrumb\"},\"inLanguage\":\"fr-FR\",\"potentialAction\":[{\"@type\":\"ReadAction\",\"target\":[\"https:\/\/www.desbief.com\/WpGuy\/electronique-et-informatique\/\"]}]},{\"@type\":\"BreadcrumbList\",\"@id\":\"https:\/\/www.desbief.com\/WpGuy\/electronique-et-informatique\/#breadcrumb\",\"itemListElement\":[{\"@type\":\"ListItem\",\"position\":1,\"name\":\"Accueil\",\"item\":\"https:\/\/www.desbief.com\/WpGuy\/\"},{\"@type\":\"ListItem\",\"position\":2,\"name\":\"Electronique et Informatique\"}]},{\"@type\":\"WebSite\",\"@id\":\"https:\/\/www.desbief.com\/WpGuy\/#website\",\"url\":\"https:\/\/www.desbief.com\/WpGuy\/\",\"name\":\"Guy Desbief Ing\u00e9nieur conseil\",\"description\":\"Electronique, Informatique, Eco-Efficacit\u00e9 \u00e9nerg\u00e9tique conseil juridique\",\"publisher\":{\"@id\":\"https:\/\/www.desbief.com\/WpGuy\/#organization\"},\"potentialAction\":[{\"@type\":\"SearchAction\",\"target\":{\"@type\":\"EntryPoint\",\"urlTemplate\":\"https:\/\/www.desbief.com\/WpGuy\/?s={search_term_string}\"},\"query-input\":{\"@type\":\"PropertyValueSpecification\",\"valueRequired\":true,\"valueName\":\"search_term_string\"}}],\"inLanguage\":\"fr-FR\"},{\"@type\":\"Organization\",\"@id\":\"https:\/\/www.desbief.com\/WpGuy\/#organization\",\"name\":\"Guy Desbief Ing\u00e9nieur conseil\",\"url\":\"https:\/\/www.desbief.com\/WpGuy\/\",\"logo\":{\"@type\":\"ImageObject\",\"inLanguage\":\"fr-FR\",\"@id\":\"https:\/\/www.desbief.com\/WpGuy\/#\/schema\/logo\/image\/\",\"url\":\"https:\/\/www.desbief.com\/WpGuy\/wp-content\/uploads\/2021\/03\/cropped-cropped-ef-enLogoCarteDeVisiteGuyCrop-2-1.jpg\",\"contentUrl\":\"https:\/\/www.desbief.com\/WpGuy\/wp-content\/uploads\/2021\/03\/cropped-cropped-ef-enLogoCarteDeVisiteGuyCrop-2-1.jpg\",\"width\":190,\"height\":190,\"caption\":\"Guy Desbief Ing\u00e9nieur conseil\"},\"image\":{\"@id\":\"https:\/\/www.desbief.com\/WpGuy\/#\/schema\/logo\/image\/\"}}]}<\/script>\n<!-- \/ Yoast SEO plugin. -->","yoast_head_json":{"title":"Electronique et Informatique - Guy Desbief Ing\u00e9nieur conseil","robots":{"index":"index","follow":"follow","max-snippet":"max-snippet:-1","max-image-preview":"max-image-preview:large","max-video-preview":"max-video-preview:-1"},"canonical":"https:\/\/www.desbief.com\/WpGuy\/electronique-et-informatique\/","og_locale":"fr_FR","og_type":"article","og_title":"Electronique et Informatique - Guy Desbief Ing\u00e9nieur conseil","og_description":"Electronique Pendant ma carri\u00e8re professionnelle, j&rsquo;ai pilot\u00e9 des ing\u00e9nieurs dont la sp\u00e9cialit\u00e9 \u00e9tait: la conception de syst\u00e8mes \u00e9lectroniques la conception de cartes \u00e9lectroniques Le d\u00e9veloppement de machines sp\u00e9ciales Je suis avant tout un \u00c9lectronicien voici mes r\u00e9alisations Informatique Pour le logiciel, suis donc familier avec: les syst\u00e8mes \u00e0 microprocesseurs (8 \u00e0 64&nbsp; bits) les composants &hellip; Continuer la lecture \u00ab\u00a0Electronique et Informatique\u00a0\u00bb","og_url":"https:\/\/www.desbief.com\/WpGuy\/electronique-et-informatique\/","og_site_name":"Guy Desbief Ing\u00e9nieur conseil","article_modified_time":"2022-10-07T08:25:44+00:00","twitter_card":"summary_large_image","twitter_misc":{"Dur\u00e9e de lecture estim\u00e9e":"1 minute"},"schema":{"@context":"https:\/\/schema.org","@graph":[{"@type":"WebPage","@id":"https:\/\/www.desbief.com\/WpGuy\/electronique-et-informatique\/","url":"https:\/\/www.desbief.com\/WpGuy\/electronique-et-informatique\/","name":"Electronique et Informatique - Guy Desbief Ing\u00e9nieur conseil","isPartOf":{"@id":"https:\/\/www.desbief.com\/WpGuy\/#website"},"datePublished":"2018-02-05T16:41:24+00:00","dateModified":"2022-10-07T08:25:44+00:00","breadcrumb":{"@id":"https:\/\/www.desbief.com\/WpGuy\/electronique-et-informatique\/#breadcrumb"},"inLanguage":"fr-FR","potentialAction":[{"@type":"ReadAction","target":["https:\/\/www.desbief.com\/WpGuy\/electronique-et-informatique\/"]}]},{"@type":"BreadcrumbList","@id":"https:\/\/www.desbief.com\/WpGuy\/electronique-et-informatique\/#breadcrumb","itemListElement":[{"@type":"ListItem","position":1,"name":"Accueil","item":"https:\/\/www.desbief.com\/WpGuy\/"},{"@type":"ListItem","position":2,"name":"Electronique et Informatique"}]},{"@type":"WebSite","@id":"https:\/\/www.desbief.com\/WpGuy\/#website","url":"https:\/\/www.desbief.com\/WpGuy\/","name":"Guy Desbief Ing\u00e9nieur conseil","description":"Electronique, Informatique, Eco-Efficacit\u00e9 \u00e9nerg\u00e9tique conseil juridique","publisher":{"@id":"https:\/\/www.desbief.com\/WpGuy\/#organization"},"potentialAction":[{"@type":"SearchAction","target":{"@type":"EntryPoint","urlTemplate":"https:\/\/www.desbief.com\/WpGuy\/?s={search_term_string}"},"query-input":{"@type":"PropertyValueSpecification","valueRequired":true,"valueName":"search_term_string"}}],"inLanguage":"fr-FR"},{"@type":"Organization","@id":"https:\/\/www.desbief.com\/WpGuy\/#organization","name":"Guy Desbief Ing\u00e9nieur conseil","url":"https:\/\/www.desbief.com\/WpGuy\/","logo":{"@type":"ImageObject","inLanguage":"fr-FR","@id":"https:\/\/www.desbief.com\/WpGuy\/#\/schema\/logo\/image\/","url":"https:\/\/www.desbief.com\/WpGuy\/wp-content\/uploads\/2021\/03\/cropped-cropped-ef-enLogoCarteDeVisiteGuyCrop-2-1.jpg","contentUrl":"https:\/\/www.desbief.com\/WpGuy\/wp-content\/uploads\/2021\/03\/cropped-cropped-ef-enLogoCarteDeVisiteGuyCrop-2-1.jpg","width":190,"height":190,"caption":"Guy Desbief Ing\u00e9nieur conseil"},"image":{"@id":"https:\/\/www.desbief.com\/WpGuy\/#\/schema\/logo\/image\/"}}]}},"_links":{"self":[{"href":"https:\/\/www.desbief.com\/WpGuy\/wp-json\/wp\/v2\/pages\/324","targetHints":{"allow":["GET"]}}],"collection":[{"href":"https:\/\/www.desbief.com\/WpGuy\/wp-json\/wp\/v2\/pages"}],"about":[{"href":"https:\/\/www.desbief.com\/WpGuy\/wp-json\/wp\/v2\/types\/page"}],"author":[{"embeddable":true,"href":"https:\/\/www.desbief.com\/WpGuy\/wp-json\/wp\/v2\/users\/3"}],"replies":[{"embeddable":true,"href":"https:\/\/www.desbief.com\/WpGuy\/wp-json\/wp\/v2\/comments?post=324"}],"version-history":[{"count":9,"href":"https:\/\/www.desbief.com\/WpGuy\/wp-json\/wp\/v2\/pages\/324\/revisions"}],"predecessor-version":[{"id":1492,"href":"https:\/\/www.desbief.com\/WpGuy\/wp-json\/wp\/v2\/pages\/324\/revisions\/1492"}],"wp:attachment":[{"href":"https:\/\/www.desbief.com\/WpGuy\/wp-json\/wp\/v2\/media?parent=324"}],"curies":[{"name":"wp","href":"https:\/\/api.w.org\/{rel}","templated":true}]}}