{"id":1518,"date":"2025-12-11T05:41:07","date_gmt":"2025-12-11T04:41:07","guid":{"rendered":"https:\/\/www.desbief.com\/WpGuy\/?page_id=1518"},"modified":"2025-12-11T05:41:07","modified_gmt":"2025-12-11T04:41:07","slug":"iesf","status":"publish","type":"page","link":"https:\/\/www.desbief.com\/WpGuy\/iesf\/","title":{"rendered":"IESF"},"content":{"rendered":"\n<h2 class=\"wp-block-heading\">Mes Liens avec IESF<\/h2>\n\n\n\n<p>Ce site fait r\u00e9f\u00e9rence \u00e0 l&rsquo;IESF. A noter que l&rsquo;IESF est une association, o\u00f9 les b\u00e9n\u00e9voles viennent parler \u00e0 des coll\u00e9gien(ne)s ou des Lyc\u00e9en(e)s, sur leur temps libre et \u00e0 titre b\u00e9n\u00e9vol(e)s des m\u00e9tiers Scientifiques. En g\u00e9n\u00e9ral, l&rsquo;IESF projette  des diaporamas adapt\u00e9s aux publics.<\/p>\n\n\n\n<p><\/p>\n\n\n\n<p>Les liens pour acc\u00e9der directement sont les suivants:<\/p>\n\n\n\n<figure class=\"wp-block-embed\"><div class=\"wp-block-embed__wrapper\">\n<blockquote class=\"wp-embedded-content\" data-secret=\"JHQCuBoizx\"><a href=\"https:\/\/iesfprovence.fr\/\">IESF Provence<\/a><\/blockquote><iframe loading=\"lazy\" class=\"wp-embedded-content\" sandbox=\"allow-scripts\" security=\"restricted\" style=\"position: absolute; visibility: hidden;\" title=\"\u00ab\u00a0IESF Provence\u00a0\u00bb &#8212; IESF Provence\" src=\"https:\/\/iesfprovence.fr\/embed\/#?secret=EMOSPhEnrt#?secret=JHQCuBoizx\" data-secret=\"JHQCuBoizx\" width=\"600\" height=\"338\" frameborder=\"0\" marginwidth=\"0\" marginheight=\"0\" scrolling=\"no\"><\/iframe>\n<\/div><\/figure>\n\n\n\n<p>Mais le lien principal est :<\/p>\n\n\n\n<p><a href=\"https:\/\/www.iesf.fr\">https:\/\/www.iesf.fr<\/a><\/p>\n\n\n\n<p>Merci \u00e0 tous de visiter ces sites.<\/p>\n\n\n\n<p><\/p>\n","protected":false},"excerpt":{"rendered":"<p>Mes Liens avec IESF Ce site fait r\u00e9f\u00e9rence \u00e0 l&rsquo;IESF. A noter que l&rsquo;IESF est une association, o\u00f9 les b\u00e9n\u00e9voles viennent parler \u00e0 des coll\u00e9gien(ne)s ou des Lyc\u00e9en(e)s, sur leur temps libre et \u00e0 titre b\u00e9n\u00e9vol(e)s des m\u00e9tiers Scientifiques. En g\u00e9n\u00e9ral, l&rsquo;IESF projette des diaporamas adapt\u00e9s aux publics. Les liens pour acc\u00e9der directement sont les &hellip; <\/p>\n<p class=\"link-more\"><a href=\"https:\/\/www.desbief.com\/WpGuy\/iesf\/\" class=\"more-link\">Continuer la lecture <span class=\"screen-reader-text\"> \u00ab\u00a0IESF\u00a0\u00bb<\/span><\/a><\/p>\n","protected":false},"author":3,"featured_media":0,"parent":0,"menu_order":0,"comment_status":"closed","ping_status":"closed","template":"","meta":{"footnotes":""},"class_list":["post-1518","page","type-page","status-publish","hentry","entry"],"yoast_head":"<!-- This site is optimized with the Yoast SEO plugin v26.7 - https:\/\/yoast.com\/wordpress\/plugins\/seo\/ -->\n<title>IESF - Guy Desbief Ing\u00e9nieur conseil<\/title>\n<meta name=\"robots\" content=\"index, follow, max-snippet:-1, max-image-preview:large, max-video-preview:-1\" \/>\n<link rel=\"canonical\" href=\"https:\/\/www.desbief.com\/WpGuy\/iesf\/\" \/>\n<meta property=\"og:locale\" content=\"fr_FR\" \/>\n<meta property=\"og:type\" content=\"article\" \/>\n<meta property=\"og:title\" content=\"IESF - Guy Desbief Ing\u00e9nieur conseil\" \/>\n<meta property=\"og:description\" content=\"Mes Liens avec IESF Ce site fait r\u00e9f\u00e9rence \u00e0 l&rsquo;IESF. A noter que l&rsquo;IESF est une association, o\u00f9 les b\u00e9n\u00e9voles viennent parler \u00e0 des coll\u00e9gien(ne)s ou des Lyc\u00e9en(e)s, sur leur temps libre et \u00e0 titre b\u00e9n\u00e9vol(e)s des m\u00e9tiers Scientifiques. En g\u00e9n\u00e9ral, l&rsquo;IESF projette des diaporamas adapt\u00e9s aux publics. Les liens pour acc\u00e9der directement sont les &hellip; Continuer la lecture \u00ab\u00a0IESF\u00a0\u00bb\" \/>\n<meta property=\"og:url\" content=\"https:\/\/www.desbief.com\/WpGuy\/iesf\/\" \/>\n<meta property=\"og:site_name\" content=\"Guy Desbief Ing\u00e9nieur conseil\" \/>\n<meta name=\"twitter:card\" content=\"summary_large_image\" \/>\n<meta name=\"twitter:label1\" content=\"Dur\u00e9e de lecture estim\u00e9e\" \/>\n\t<meta name=\"twitter:data1\" content=\"1 minute\" \/>\n<script type=\"application\/ld+json\" class=\"yoast-schema-graph\">{\"@context\":\"https:\/\/schema.org\",\"@graph\":[{\"@type\":\"WebPage\",\"@id\":\"https:\/\/www.desbief.com\/WpGuy\/iesf\/\",\"url\":\"https:\/\/www.desbief.com\/WpGuy\/iesf\/\",\"name\":\"IESF - Guy Desbief Ing\u00e9nieur conseil\",\"isPartOf\":{\"@id\":\"https:\/\/www.desbief.com\/WpGuy\/#website\"},\"datePublished\":\"2025-12-11T04:41:07+00:00\",\"breadcrumb\":{\"@id\":\"https:\/\/www.desbief.com\/WpGuy\/iesf\/#breadcrumb\"},\"inLanguage\":\"fr-FR\",\"potentialAction\":[{\"@type\":\"ReadAction\",\"target\":[\"https:\/\/www.desbief.com\/WpGuy\/iesf\/\"]}]},{\"@type\":\"BreadcrumbList\",\"@id\":\"https:\/\/www.desbief.com\/WpGuy\/iesf\/#breadcrumb\",\"itemListElement\":[{\"@type\":\"ListItem\",\"position\":1,\"name\":\"Accueil\",\"item\":\"https:\/\/www.desbief.com\/WpGuy\/\"},{\"@type\":\"ListItem\",\"position\":2,\"name\":\"IESF\"}]},{\"@type\":\"WebSite\",\"@id\":\"https:\/\/www.desbief.com\/WpGuy\/#website\",\"url\":\"https:\/\/www.desbief.com\/WpGuy\/\",\"name\":\"Guy Desbief Ing\u00e9nieur conseil\",\"description\":\"Electronique, Informatique, Eco-Efficacit\u00e9 \u00e9nerg\u00e9tique conseil juridique\",\"publisher\":{\"@id\":\"https:\/\/www.desbief.com\/WpGuy\/#organization\"},\"potentialAction\":[{\"@type\":\"SearchAction\",\"target\":{\"@type\":\"EntryPoint\",\"urlTemplate\":\"https:\/\/www.desbief.com\/WpGuy\/?s={search_term_string}\"},\"query-input\":{\"@type\":\"PropertyValueSpecification\",\"valueRequired\":true,\"valueName\":\"search_term_string\"}}],\"inLanguage\":\"fr-FR\"},{\"@type\":\"Organization\",\"@id\":\"https:\/\/www.desbief.com\/WpGuy\/#organization\",\"name\":\"Guy Desbief Ing\u00e9nieur conseil\",\"url\":\"https:\/\/www.desbief.com\/WpGuy\/\",\"logo\":{\"@type\":\"ImageObject\",\"inLanguage\":\"fr-FR\",\"@id\":\"https:\/\/www.desbief.com\/WpGuy\/#\/schema\/logo\/image\/\",\"url\":\"https:\/\/www.desbief.com\/WpGuy\/wp-content\/uploads\/2021\/03\/cropped-cropped-ef-enLogoCarteDeVisiteGuyCrop-2-1.jpg\",\"contentUrl\":\"https:\/\/www.desbief.com\/WpGuy\/wp-content\/uploads\/2021\/03\/cropped-cropped-ef-enLogoCarteDeVisiteGuyCrop-2-1.jpg\",\"width\":190,\"height\":190,\"caption\":\"Guy Desbief Ing\u00e9nieur conseil\"},\"image\":{\"@id\":\"https:\/\/www.desbief.com\/WpGuy\/#\/schema\/logo\/image\/\"}}]}<\/script>\n<!-- \/ Yoast SEO plugin. -->","yoast_head_json":{"title":"IESF - Guy Desbief Ing\u00e9nieur conseil","robots":{"index":"index","follow":"follow","max-snippet":"max-snippet:-1","max-image-preview":"max-image-preview:large","max-video-preview":"max-video-preview:-1"},"canonical":"https:\/\/www.desbief.com\/WpGuy\/iesf\/","og_locale":"fr_FR","og_type":"article","og_title":"IESF - Guy Desbief Ing\u00e9nieur conseil","og_description":"Mes Liens avec IESF Ce site fait r\u00e9f\u00e9rence \u00e0 l&rsquo;IESF. A noter que l&rsquo;IESF est une association, o\u00f9 les b\u00e9n\u00e9voles viennent parler \u00e0 des coll\u00e9gien(ne)s ou des Lyc\u00e9en(e)s, sur leur temps libre et \u00e0 titre b\u00e9n\u00e9vol(e)s des m\u00e9tiers Scientifiques. En g\u00e9n\u00e9ral, l&rsquo;IESF projette des diaporamas adapt\u00e9s aux publics. Les liens pour acc\u00e9der directement sont les &hellip; Continuer la lecture \u00ab\u00a0IESF\u00a0\u00bb","og_url":"https:\/\/www.desbief.com\/WpGuy\/iesf\/","og_site_name":"Guy Desbief Ing\u00e9nieur conseil","twitter_card":"summary_large_image","twitter_misc":{"Dur\u00e9e de lecture estim\u00e9e":"1 minute"},"schema":{"@context":"https:\/\/schema.org","@graph":[{"@type":"WebPage","@id":"https:\/\/www.desbief.com\/WpGuy\/iesf\/","url":"https:\/\/www.desbief.com\/WpGuy\/iesf\/","name":"IESF - Guy Desbief Ing\u00e9nieur conseil","isPartOf":{"@id":"https:\/\/www.desbief.com\/WpGuy\/#website"},"datePublished":"2025-12-11T04:41:07+00:00","breadcrumb":{"@id":"https:\/\/www.desbief.com\/WpGuy\/iesf\/#breadcrumb"},"inLanguage":"fr-FR","potentialAction":[{"@type":"ReadAction","target":["https:\/\/www.desbief.com\/WpGuy\/iesf\/"]}]},{"@type":"BreadcrumbList","@id":"https:\/\/www.desbief.com\/WpGuy\/iesf\/#breadcrumb","itemListElement":[{"@type":"ListItem","position":1,"name":"Accueil","item":"https:\/\/www.desbief.com\/WpGuy\/"},{"@type":"ListItem","position":2,"name":"IESF"}]},{"@type":"WebSite","@id":"https:\/\/www.desbief.com\/WpGuy\/#website","url":"https:\/\/www.desbief.com\/WpGuy\/","name":"Guy Desbief Ing\u00e9nieur conseil","description":"Electronique, Informatique, Eco-Efficacit\u00e9 \u00e9nerg\u00e9tique conseil juridique","publisher":{"@id":"https:\/\/www.desbief.com\/WpGuy\/#organization"},"potentialAction":[{"@type":"SearchAction","target":{"@type":"EntryPoint","urlTemplate":"https:\/\/www.desbief.com\/WpGuy\/?s={search_term_string}"},"query-input":{"@type":"PropertyValueSpecification","valueRequired":true,"valueName":"search_term_string"}}],"inLanguage":"fr-FR"},{"@type":"Organization","@id":"https:\/\/www.desbief.com\/WpGuy\/#organization","name":"Guy Desbief Ing\u00e9nieur conseil","url":"https:\/\/www.desbief.com\/WpGuy\/","logo":{"@type":"ImageObject","inLanguage":"fr-FR","@id":"https:\/\/www.desbief.com\/WpGuy\/#\/schema\/logo\/image\/","url":"https:\/\/www.desbief.com\/WpGuy\/wp-content\/uploads\/2021\/03\/cropped-cropped-ef-enLogoCarteDeVisiteGuyCrop-2-1.jpg","contentUrl":"https:\/\/www.desbief.com\/WpGuy\/wp-content\/uploads\/2021\/03\/cropped-cropped-ef-enLogoCarteDeVisiteGuyCrop-2-1.jpg","width":190,"height":190,"caption":"Guy Desbief Ing\u00e9nieur conseil"},"image":{"@id":"https:\/\/www.desbief.com\/WpGuy\/#\/schema\/logo\/image\/"}}]}},"_links":{"self":[{"href":"https:\/\/www.desbief.com\/WpGuy\/wp-json\/wp\/v2\/pages\/1518","targetHints":{"allow":["GET"]}}],"collection":[{"href":"https:\/\/www.desbief.com\/WpGuy\/wp-json\/wp\/v2\/pages"}],"about":[{"href":"https:\/\/www.desbief.com\/WpGuy\/wp-json\/wp\/v2\/types\/page"}],"author":[{"embeddable":true,"href":"https:\/\/www.desbief.com\/WpGuy\/wp-json\/wp\/v2\/users\/3"}],"replies":[{"embeddable":true,"href":"https:\/\/www.desbief.com\/WpGuy\/wp-json\/wp\/v2\/comments?post=1518"}],"version-history":[{"count":2,"href":"https:\/\/www.desbief.com\/WpGuy\/wp-json\/wp\/v2\/pages\/1518\/revisions"}],"predecessor-version":[{"id":1520,"href":"https:\/\/www.desbief.com\/WpGuy\/wp-json\/wp\/v2\/pages\/1518\/revisions\/1520"}],"wp:attachment":[{"href":"https:\/\/www.desbief.com\/WpGuy\/wp-json\/wp\/v2\/media?parent=1518"}],"curies":[{"name":"wp","href":"https:\/\/api.w.org\/{rel}","templated":true}]}}